 + 8. Calculate the remainder when r(9) is divided by 7 + 26/((-364)/(-210)).
20
Let d(y) = 2*y**2 + y + 1. Calculate the remainder when ((-76)/(-5))/(((-1224)/(-425))/18) is divided by d(-3).
15
Let j(g) = g**3 - 32*g**2 - 186*g + 130. Calculate the remainder when 735 is divided by j(37).
84
Suppose -178*m + 71 = j - 181*m, m = -4*j + 258. What is the remainder when j is divided by 35?
30
Let k(x) = 2*x**2 - 8*x - 26. Let f be k(-3). Calculate the remainder when f/(-20) + (-19816)/(-20) is divided by 31.
29
Let m(a) = -97*a - 1. Suppose 4537*v - 4491*v = 1288. What is the remainder when m(-1) is divided by v?
12
Suppose 0 = n + 3*n - 104. Suppose 0 = -m + 20 - 6. Suppose 0 = m*u - 1082 - 710. What is the remainder when u is divided by n?
24
Suppose -17*g = -4*z - 12*g + 320, 4*z - 304 = g. What is the remainder when 286 is divided by z?
61
Suppose -124 = 12*j - 8*j. Let h = -31 - j. Suppose -o + 5*l + 16 = h, 5*o + 5*l - 78 - 62 = 0. Calculate the remainder when 75 is divided by o.
23
Suppose 210 = -29*p + 8*p. Calculate the remainder when 367/2 + (-1)/2 is divided by ((-1836)/(-120) - 2/p)*2.
28
Let v = 326 + -261. Let o = 101 - v. Calculate the remainder when o is divided by 7.
1
Suppose -4*i = 2*s - 112, -91*i - 54 = -s - 92*i. Calculate the remainder when 153 is divided by s.
49
Let u = 1224 + -1177. Suppose -6*c = -5*c - u. What is the remainder when (-4 + 1)*178/(-6) is divided by c?
42
Suppose 289*t = 316*t - 675. What is the remainder when t is divided by 7?
4
Let j = -29 + 48. Suppose 14 + j = 3*u - 3*m, 4*u - 49 = 3*m. Let z(k) = -k**3 + k**2 + 33*k + 98. Calculate the remainder when z(-4) is divided by u.
14
Suppose -1 + 3 = w. Let i be (-5)/((-30)/24) + 0/14. Suppose -i*v = -t - 84, 96 = -0*v + 4*v + w*t. Calculate the remainder when v is divided by 5.
2
Suppose 0 = -2*l - 2*x + 1956, -626 = -l + 3*x + 336. What is the remainder when l is divided by 200?
174
Let a = 4979 - 4959. Calculate the remainder when a is divided by 7.
6
Let j = 7030 - 7005. Let u = -16 - -41. Calculate the remainder when u is divided by j.
0
Suppose -12 = -2*r - 5*g, -2*g = 5*r + 3*g - 15. Let l be ((-21)/35)/(r/(-15)). Suppose 15 = k + l. Calculate the remainder when 19 is divided by k.
1
Let b(y) = y**3 + 2*y**2 - 2*y - 3. Let t be b(-3). Let n(l) = l + 5. Let o be n(t). Let q = o + 34. What is the remainder when 131 is divided by q?
32
Suppose -29*y + 65*y - 3128 = 13*y. What is the remainder when 147 is divided by y?
11
Let a = -40 + 41. Let o(h) = 90*h - 4. Let k be o(a). Suppose k = 4*g - 2*g. Calculate the remainder when g is divided by 11.
10
Suppose -254*o + 146*o + 45792 = 0. Calculate the remainder when o is divided by 61.
58
What is the remainder when 494 is divided by (-3 - -129)/(117/156)?
158
Let w = -190 + 272. Suppose -5*h + 3*h = -w. Let x(f) = f**2 - 30*f - 42. What is the remainder when h is divided by x(32)?
19
Let h(v) = v**3 - 33*v**2 + 95*v + 101. Let z be h(30). Let f = -15 + 23. Suppose -z = f*x - 835. What is the remainder when x is divided by 39?
34
Let k(d) = 5*d**2 - 25*d + 16. Let b be k(9). Calculate the remainder when 33 is divided by b/14 + -1 + -4.
6
Let g(u) = -6*u + 32. Suppose 0 = p + 2*p + 5*i - 3, -5*p = 4*i - 18. Let v be g(p). Calculate the remainder when 20 is divided by 3/(v*3/(-16)).
0
Let b = -98 + 103. Suppose 3*j - 240 = b*u, 3*j - 3*u - 213 = -7*u. What is the remainder when j is divided by 22?
9
Let a = 80 - 53. Let d be (675 - 1)/(-3 - -1). Let y = d + 344. Calculate the remainder when a is divided by y.
6
Let i(o) = 56*o + 5639. What is the remainder when i(-100) is divided by 12?
3
Suppose 108431 = 831*y - 430. What is the remainder when 297 is divided by y?
35
Let s = -386 - -586. Suppose 9*v = 115 + s. What is the remainder when v is divided by 13?
9
Suppose 19380 = -6011*g + 6041*g. What is the remainder when g is divided by 41?
31
Let j = 224 - 140. Suppose 7*v - j - 280 = 0. What is the remainder when 987 is divided by v?
51
Let m = 2080 + -1916. Calculate the remainder when m is divided by 57.
50
Let p be (5/(-3))/(31/186). What is the remainder when (9 + 3 + p)*(1 - -42) is divided by 44?
42
Suppose 0 = -5*p + 2*n + 1165, 0 = -19*p + 16*p - 2*n + 699. What is the remainder when 1612 is divided by p?
214
Let n be (7 + -1)/(12/(-1672)). Let x = 1414 + n. Calculate the remainder when x is divided by 83.
80
Calculate the remainder when ((-11)/3)/(3/(-279)) is divided by (2 - 4/3)/((-10352)/(-2064) + -5).
40
Let n(q) be the first derivative of 11*q**2/2 - 16*q - 96. What is the remainder when n(27) is divided by 54?
11
Let t = -336 + 532. Suppose 3*z - 593 = 2*m, -z + 2*m - 3*m = -t. Suppose 0 = -3*r + 7*r - 160. What is the remainder when z is divided by r?
37
Suppose 3*s = 2*d + 101 - 1, 0 = -4*s - 3*d + 156. Let u = s - 14. Suppose -m + 3*j = -12, 5*m - 2*j = -24 + 71. Calculate the remainder when u is divided by m.
4
Let a(w) be the third derivative of -w**4/4 - 41*w**3/3 - 6*w**2 + 8. Let v(x) = x**2 - 5*x + 3. Calculate the remainder when v(11) is divided by a(-15).
5
Suppose -102*c + 112*c - 263 = 157. What is the remainder when 81 is divided by c?
39
Let o = 3232 + -2967. What is the remainder when o is divided by 19?
18
Suppose -38*n + 544 = -4*n. Calculate the remainder when 463 is divided by n.
15
Suppose g + 3*f = 25, -3*f - 12 = -g + 13. Calculate the remainder when (-1*9)/(237/(-1896)) is divided by g.
22
Let g = 14827 - 14110. Calculate the remainder when g is divided by 78.
15
Let h = 1503 + -1027. Suppose -2*x + 570 = h. Calculate the remainder when 421 is divided by x.
45
Let y(l) = 2*l**2 + 4*l + 46 - 23 + 24. What is the remainder when y(0) is divided by 8?
7
Suppose 6*z = 7*z + 48. Let p(m) = 4*m + 40. Let j be p(-26). Let w = z - j. Calculate the remainder when 93 is divided by w.
13
Suppose 0 = 4*a + 11 + 25. Let i = a + 13. Suppose i*t + 1 = 9. What is the remainder when 3 is divided by t?
1
Suppose 2*u - r - 1 + 0 = 0, 5*r = 4*u + 7. Suppose 3*i = -15, 5*o - 5*i - 38 = 2. What is the remainder when 165/9 + u/(-6) is divided by o?
0
Suppose 27*z = 1214 + 1089 + 100. Calculate the remainder when 785 is divided by z.
73
Suppose 1 - 16 = -5*r. Let a(l) = -5 + 8*l - r*l - 9*l. What is the remainder when 43 is divided by a(-5)?
13
Let r(v) = 5*v + 172. Let x be r(-34). Suppose 0 = f + w - 33, -3*w = x*f - 2*w - 62. Calculate the remainder when 85 is divided by f.
27
Let o(v) = -2*v**3 + 9*v**2 + 550*v + 37. What is the remainder when 190 is divided by o(19)?
10
Suppose 291 = 5*c - 654. Suppose -441 - c = -15*f. What is the remainder when 79 is divided by f?
37
Let z = 4994 - 4896. Calculate the remainder when z is divided by 34.
30
Suppose -9*o = -1640 + 38. What is the remainder when 2645 is divided by o?
153
Let s = 47063 + -46922. What is the remainder when 22980 is divided by s?
138
Let t(y) = 2*y + 128. Let a(g) = 2*g + 7. Let p be a(0). What is the remainder when t(p) is divided by 29?
26
Calculate the remainder when ((-2)/3)/(-3*27/84321) is divided by 8.
6
Let s(d) be the first derivative of d**4/4 - 16*d**3/3 - 11*d**2/2 + 21*d + 2. Suppose 3*n - n = 84. Calculate the remainder when s(17) is divided by n.
39
Let s be 84/(-18) - 4/(-6). Let z be 3/s - 55/(-20). Suppose z*g = 4*t + 18, -3*g - 52 = -8*g + 3*t. What is the remainder when g is divided by 7?
4
Let s(k) = 336*k + 12. Let j(d) = d + 5. Let x be j(-6). Let c be s(x). Let r = 566 + c. What is the remainder when r is divided by 41?
37
Let s(x) = x + 96. Let t(j) = 9*j**3 - 3*j**2 + j. Let d be t(2). Suppose -2*y + 83 = 3*m - 0, d = 2*m + 3*y. What is the remainder when s(0) is divided by m?
21
Suppose 0 = s, 7*q + 5*s = 8*q - 37. What is the remainder when 328 is divided by q?
32
Suppose 4*l - 119 = 3*l - 3*m, 530 = 5*l + 2*m. Let h = 1098 + -1075. What is the remainder when l is divided by h?
12
Let y(u) = 4*u - 22. Let v(q) = -20*q - 20. What is the remainder when v(-10) is divided by y(12)?
24
Let z be -124*(-1 + (1 - 2)). Suppose 0 = -c - 3*c - 5*u + z, 3*u = -5*c + 310. Let x(w) = -118*w - 220. Calculate the remainder when c is divided by x(-2).
14
Suppose 0 = -3*u - 210 - 1182. Let g = u - -861. Calculate the remainder when g is divided by 25.
22
Let h(m) = -m**3 + 34*m**2 - 238*m - 46. Let u be h(24). Let b